{"id":176,"date":"2025-03-10T14:00:58","date_gmt":"2025-03-10T13:00:58","guid":{"rendered":"https:\/\/api-k.fr\/?page_id=176"},"modified":"2025-03-10T14:40:29","modified_gmt":"2025-03-10T13:40:29","slug":"presentation","status":"publish","type":"page","link":"https:\/\/api-k.fr\/index.php\/presentation\/","title":{"rendered":"Pr\u00e9sentation"},"content":{"rendered":"\t\t<div data-elementor-type=\"wp-post\" data-elementor-id=\"176\" class=\"elementor elementor-176\">\n\t\t\t\t\t\t<section class=\"elementor-section elementor-top-section elementor-element elementor-element-345c01b elementor-section-full_width elementor-section-height-default elementor-section-height-default\" data-id=\"345c01b\" data-element_type=\"section\">\n\t\t\t\t\t\t<div class=\"elementor-container elementor-column-gap-default\">\n\t\t\t\t\t<div class=\"elementor-column elementor-col-100 elementor-top-column elementor-element elementor-element-12a15fb\" data-id=\"12a15fb\" data-element_type=\"column\">\n\t\t\t<div class=\"elementor-widget-wrap elementor-element-populated\">\n\t\t\t\t\t\t<div class=\"elementor-element elementor-element-b9e5c64 elementor-widget elementor-widget-about_section\" data-id=\"b9e5c64\" data-element_type=\"widget\" data-widget_type=\"about_section.default\">\n\t\t\t\t<div class=\"elementor-widget-container\">\n\t\t\t\t\t\n<!-- about-style-two -->\n<section class=\"about-style-two \">\n\t<div class=\"auto-container\">\n\t\t<div class=\"row clearfix\">\n\t\t\t<div class=\"col-lg-6 col-md-12 col-sm-12 image-column\">\n\t\t\t\t<div class=\"image_block_2\">\n\t\t\t\t\t<div class=\"image-box\">\n\t\t\t\t\t\t<figure class=\"image image-1\">\n\t\t\t\t\t\t\t<img fetchpriority=\"high\" decoding=\"async\" width=\"430\" height=\"511\" src=\"https:\/\/api-k.fr\/wp-content\/uploads\/2025\/03\/about-1.jpg\" class=\"attachment-full size-full\" alt=\"\" \/>\t\t\t\t\t\t<\/figure>\n\t\t\t\t\t\t<figure class=\"image image-2\">\n\t\t\t\t\t\t\t\t\t\t\t\t\t\t<img src='https:\/\/api-k.fr\/wp-content\/uploads\/2025\/03\/about-2.jpg' alt=''>\n\t\t\t\t\t\t\t\t\t\t\t\t\t\t<\/figure>\n\t\t\t\t\t<\/div>\n\t\t\t\t<\/div>\n\t\t\t<\/div>\n\t\t\t<div class=\"col-lg-6 col-md-12 col-sm-12 content-column\">\n\t\t\t\t<div class=\"content_block_3\">\n\t\t\t\t\t<div class=\"content-box\">\n\t\t\t\t\t\t<div class=\"sec-title style-two\">\n\t\t\t\t\t\t\t<!-- Tagline -->\n\t\t\t\t\t\t\t<p\t\t\t\t\t\t\t\tclass=\"typo-tagline-text\">\n\t\t\t\t\t\t\t\t\t\t\t\t\t\t\t<\/p>\n\t\t\t\t\t\t\t<!-- Tagline -->\n\t\t\t\t\t\t\t<!-- Title -->\n\t\t\t\t\t\t\t<h2\t\t\t\t\t\t\t\tclass=\"typo-title-text\">\n\t\t\t\t\t\t\t\t\t\t\t\t\t\t\t<\/h2>\n\t\t\t\t\t\t\t<!-- Title -->\n\t\t\t\t\t\t<\/div>\n\t\t\t\t\t\t<div class=\"tabs-box\">\n\t\t\t\t\t\t\t<div class=\"tab-btn-box\">\n\t\t\t\t\t\t\t\t<ul class=\"tab-btns tab-buttons clearfix\">\n\t\t\t\t\t\t\t\t\t\t\t\t\t\t\t\t\t\t<li class=\"tab-btn active-btn\" data-tab=\"#tab-1\">\n\t\t\t\t\t\t\t\t\t\t<h5>Capucine Decreme<\/h5>\n\t\t\t\t\t\t\t\t\t<\/li>\n\t\t\t\t\t\t\t\t\t\t\t\t\t\t\t\t\t<\/ul>\n\t\t\t\t\t\t\t<\/div>\n\t\t\t\t\t\t\t<div class=\"tabs-content\">\n\n\t\t\t\t\t\t\t\t\n\t\t\t\t\t\t\t\t<div class=\"tab active-tab\" id=\"tab-1\">\n\t\t\t\t\t\t\t\t\t<div class=\"inner-box\">\n\t\t\t\t\t\t\t\t\t\t<div class=\"inner\">\n\t\t\t\t\t\t\t\t\t\t\t<figure class=\"image-box\">\n\t\t\t\t\t\t\t\t\t\t\t\t<img decoding=\"async\" width=\"1920\" height=\"2560\" src=\"https:\/\/api-k.fr\/wp-content\/uploads\/2025\/03\/1740476518074-scaled.jpg\" class=\"attachment-full size-full\" alt=\"\" \/>\t\t\t\t\t\t\t\t\t\t\t<\/figure>\n\t\t\t\t\t\t\t\t\t\t\t<div class=\"text\">\n\t\t\t\t\t\t\t\t\t\t\t\t<p>Capucine Decr\u00eame, 54 ans aujourd\u2019hui, je porte un projet apicole de production de gel\u00e9e royale (GR) et de transformation de produits de la ruche en cosm\u00e9tique (mac\u00e9rats huileux, baumes, savons) \u00e0 la propolis et cire d\u2019abeille.\nApr\u00e8s une courte exp\u00e9rience en laboratoire et une plus longue carri\u00e8re dans l\u2019enseignement, je souhaite aujourd\u2019hui mener une activit\u00e9 en lien avec le milieu naturel, compatible avec mes valeurs de soin de la personne, de pr\u00e9servation de la bio-diversit\u00e9 et de limitation de l\u2019impact climatique.\nSi mon objectif est de d\u00e9gager par mon exploitation un revenu me permettant au moins partiellement de subsister dans les ann\u00e9es \u00e0 venir, je ne vise pas l\u2019enrichissement personnel. Mon activit\u00e9 sera conduite en agriculture paysanne, dans un souci de respect du r\u00e8gne animal, v\u00e9g\u00e9tal et humain.<\/p>\n\t\t\t\t\t\t\t\t\t\t\t<\/div>\n\t\t\t\t\t\t\t\t\t\t<\/div>\n\t\t\t\t\t\t\t\t\t\t\t\t\t\t\t\t\t\t\t\t<\/div>\n\t\t\t\t\t\t\t\t\t<\/div>\n\t\t\t\t\t\t\t\t<\/div>\n\t\t\t\t\t\t\t\t\t\t\t\t\t\t\t<\/div>\n\t\t\t\t\t\t<\/div>\n\t\t\t\t\t<\/div>\n\t\t\t\t<\/div>\n\t\t\t<\/div>\n\t\t<\/div>\n\t<\/div>\n<\/section>\n<!-- about-style-two end -->\n\n\t\t\t\t\t\t<\/div>\n\t\t\t\t<\/div>\n\t\t\t\t<div class=\"elementor-element elementor-element-763c997 elementor-widget elementor-widget-page_section\" data-id=\"763c997\" data-element_type=\"widget\" data-widget_type=\"page_section.default\">\n\t\t\t\t<div class=\"elementor-widget-container\">\n\t\t\t\t\t<section class=\"working-process alternat-2 centred\">\n\t\t<div class=\"auto-container\">\n\t\t\t<div class=\"sec-title style-two centred\">\n\t\t\t\t<!-- Tagline -->\n\t\t\t\t<p class=\"typo-tagline-text\">\n\t\t\t\t\tAPI-K\t\t\t\t<\/p>\n\t\t\t\t<!-- Tagline -->\n\t\t\t\t<!-- Title -->\n\t\t\t\t<h2 class=\"typo-title-text\">\n\t\t\t\t\tmes priorit\u00e9s\t\t\t\t<\/h2>\n\t\t\t\t<!-- Title -->\n\t\t\t<\/div>\n\t\t\t<div class=\"row clearfix\">\n\n\t\t\t\t\t\t<div class=\"col-lg-4 col-md-6 col-sm-12 process-block\">\n\t\t\t\t<div class=\"process-block-one wow fadeInLeft animated animated\" data-wow-delay=\"500ms\"\n\t\t\t\t\tdata-wow-duration=\"1500ms\">\n\t\t\t\t\t<div class=\"inner-box\">\n\t\t\t\t\t\t<span class=\"count-text\">01<\/span>\n\t\t\t\t\t\t<div class=\"icon-box\">\n\t\t\t\t\t\t\t<i aria-hidden=\"true\" class=\" flaticon-hive\"><\/i>\t\t\t\t\t\t<\/div>\n\t\t\t\t\t\t<h3>Apicultture Artisanale<\/h3>\n\t\t\t\t\t\t<p>Elle conduite en agriculture biologique permet une production de qualit\u00e9 (miel, cire, pollen, propolis, gel\u00e9e royale) visant \u00e0 pr\u00e9server et am\u00e9liorer la sant\u00e9 des consommateurs. La transformation en cosm\u00e9tiques \u00e0 base ingr\u00e9dients produits localement contribue \u00e0 une volont\u00e9 \u00e9thique de valorisation du travail des paysans et de souverainet\u00e9 alimentaire.<\/p>\n\t\t\t\t\t<\/div>\n\t\t\t\t<\/div>\n\t\t\t<\/div>\n\t\t\t\t\t\t\t<div class=\"col-lg-4 col-md-6 col-sm-12 process-block\">\n\t\t\t\t<div class=\"process-block-one wow fadeInLeft animated animated\" data-wow-delay=\"500ms\"\n\t\t\t\t\tdata-wow-duration=\"1500ms\">\n\t\t\t\t\t<div class=\"inner-box\">\n\t\t\t\t\t\t<span class=\"count-text\">02<\/span>\n\t\t\t\t\t\t<div class=\"icon-box\">\n\t\t\t\t\t\t\t<i aria-hidden=\"true\" class=\" flaticon-honey-3\"><\/i>\t\t\t\t\t\t<\/div>\n\t\t\t\t\t\t<h3>Dynamisme Territorial<\/h3>\n\t\t\t\t\t\t<p>Je souhaite participer \u00e0 la dynamique territoriale en commercialisant en vente directe, avec les r\u00e9seaux paysans et coop\u00e9ratifs, les \u00e9piceries, commerces et centres de bien-\u00eatre du littoral et r\u00e9tro-littoral.<\/p>\n\t\t\t\t\t<\/div>\n\t\t\t\t<\/div>\n\t\t\t<\/div>\n\t\t\t\t\t\t\t<div class=\"col-lg-4 col-md-6 col-sm-12 process-block\">\n\t\t\t\t<div class=\"process-block-one wow fadeInLeft animated animated\" data-wow-delay=\"500ms\"\n\t\t\t\t\tdata-wow-duration=\"1500ms\">\n\t\t\t\t\t<div class=\"inner-box\">\n\t\t\t\t\t\t<span class=\"count-text\">03<\/span>\n\t\t\t\t\t\t<div class=\"icon-box\">\n\t\t\t\t\t\t\t<i aria-hidden=\"true\" class=\" flaticon-honey-4\"><\/i>\t\t\t\t\t\t<\/div>\n\t\t\t\t\t\t<h3>gel\u00e9e royale<\/h3>\n\t\t\t\t\t\t<p>Avec la production de gel\u00e9e royale et la r\u00e9alisation de cosm\u00e9tiques \u00e0 base de produits de la ruche, je d\u00e9veloppe des produits nobles, contribuant \u00e0 une vie saine, \u00e0 l\u2019image de ceux que je consomme et utilise personnellement, en valorisant les ressources existantes et sans porter pr\u00e9judice \u00e0 l\u2019environnement. Il me tient \u00e9galement \u00e0 coeur de pr\u00e9server des connaissances et savoir-faire anciens.<\/p>\n\t\t\t\t\t<\/div>\n\t\t\t\t<\/div>\n\t\t\t<\/div>\n\t\t\t\t\t\t\t<\/div>\n\t\t<\/div>\n\t<\/section>\n\t\t\t\t<\/div>\n\t\t\t\t<\/div>\n\t\t\t\t\t<\/div>\n\t\t<\/div>\n\t\t\t\t\t<\/div>\n\t\t<\/section>\n\t\t\t\t<section class=\"elementor-section elementor-top-section elementor-element elementor-element-b7a116b elementor-section-full_width elementor-section-height-default elementor-section-height-default\" data-id=\"b7a116b\" data-element_type=\"section\">\n\t\t\t\t\t\t<div class=\"elementor-container elementor-column-gap-default\">\n\t\t\t\t\t<div class=\"elementor-column elementor-col-100 elementor-top-column elementor-element elementor-element-2e3ece8\" data-id=\"2e3ece8\" data-element_type=\"column\">\n\t\t\t<div class=\"elementor-widget-wrap elementor-element-populated\">\n\t\t\t\t\t\t<div class=\"elementor-element elementor-element-6acfec2 elementor-widget elementor-widget-subscribe_section\" data-id=\"6acfec2\" data-element_type=\"widget\" data-widget_type=\"subscribe_section.default\">\n\t\t\t\t<div class=\"elementor-widget-container\">\n\t\t\t\t\t<!-- subscribe-section -->\n<section class=\"subscribe-section\">\n\t<div class=\"outer-container\">\n\t\t<div class=\"subscribe-inner\">\n\t\t\t<div class=\"pattern-layer\"><\/div>\n\t\t\t<div class=\"content-box\">\n\t\t\t\t<div class=\"sec-title style-two centred\">\n\t\t\t\t\t<!-- Tagline -->\n\t\t\t\t\t<p class=\"typo-tagline-text\">\n\t\t\t\t\t\tAPI-K\t\t\t\t\t<\/p>\n\t\t\t\t\t<!-- Title -->\n\t\t\t\t\t<h2 class=\"typo-title-text\">\n\t\t\t\t\t\tProduction de gel\u00e9e royale\t\t\t\t\t<\/h2>\n\t\t\t\t\t<!-- Title -->\n\t\t\t\t<\/div>\n\t\t\t\t<div class=\"text centred\">\n\t\t\t\t\t<p >Elles sont s\u00e9lectionn\u00e9es pour leur capacit\u00e9 \u00e0 produire en volume de la gel\u00e9e royale de qualit\u00e9\n\t- Le rucher de production de gel\u00e9e royale est install\u00e9 en milieu naturel, entour\u00e9 d\u2019une diversit\u00e9 v\u00e9g\u00e9tale et ressource en eau favorables \u00e0 une alimentation autonome des abeilles. La conduite en agriculture biologique est respectueuse du cheptel et de l\u2019impact environnemental.\n\nCela vient en r\u00e9ponse de produits d\u00e9j\u00e0 disponibles et de moindre de qualit\u00e9 en provenance de l\u2019\u00e9tranger.<\/p>\n\t\t\t\t<\/div>\n\t\t\t\t\t\t\t<\/div>\n\t\t<\/div>\n\t<\/div>\n<\/section>\n<!-- subscribe-section end -->\n\t\t\t\t\t\t<\/div>\n\t\t\t\t<\/div>\n\t\t\t\t<div class=\"elementor-element elementor-element-2c55d93 elementor-widget elementor-widget-image_gallery\" data-id=\"2c55d93\" data-element_type=\"widget\" data-widget_type=\"image_gallery.default\">\n\t\t\t\t<div class=\"elementor-widget-container\">\n\t\t\t\t\t \n        <div class=\"image-gallery\">\n            <div class=\"row\">\n                 \n                    <div class=\"col-md-4 col-sm-6\">\n                        <div class=\"image-two\">\n                                <img decoding=\"async\" width=\"1915\" height=\"2560\" src=\"https:\/\/api-k.fr\/wp-content\/uploads\/2025\/03\/1740476518146-scaled.jpg\" class=\"attachment-full size-full\" alt=\"\" \/>                        <\/div>\n                    <\/div>  \n                    <div class=\"col-md-4 col-sm-6\">\n                        <div class=\"image-two\">\n                                <img loading=\"lazy\" decoding=\"async\" width=\"1915\" height=\"2560\" src=\"https:\/\/api-k.fr\/wp-content\/uploads\/2025\/03\/1740476518109-scaled.jpg\" class=\"attachment-full size-full\" alt=\"\" \/>                        <\/div>\n                    <\/div>  \n                    <div class=\"col-md-4 col-sm-6\">\n                        <div class=\"image-two\">\n                                <img loading=\"lazy\" decoding=\"async\" width=\"1915\" height=\"2560\" src=\"https:\/\/api-k.fr\/wp-content\/uploads\/2025\/03\/1740476488789-scaled.jpg\" class=\"attachment-full size-full\" alt=\"\" \/>                        <\/div>\n                    <\/div>  \n                    <div class=\"col-md-4 col-sm-6\">\n                        <div class=\"image-two\">\n                                <img loading=\"lazy\" decoding=\"async\" width=\"1915\" height=\"2560\" src=\"https:\/\/api-k.fr\/wp-content\/uploads\/2025\/03\/1740476462657-scaled.jpg\" class=\"attachment-full size-full\" alt=\"\" \/>                        <\/div>\n                    <\/div>  \n                    <div class=\"col-md-4 col-sm-6\">\n                        <div class=\"image-two\">\n                                <img loading=\"lazy\" decoding=\"async\" width=\"1915\" height=\"2560\" src=\"https:\/\/api-k.fr\/wp-content\/uploads\/2025\/03\/1740476177295-scaled.jpg\" class=\"attachment-full size-full\" alt=\"\" \/>                        <\/div>\n                    <\/div>  \n                    <div class=\"col-md-4 col-sm-6\">\n                        <div class=\"image-two\">\n                                <img loading=\"lazy\" decoding=\"async\" width=\"1915\" height=\"2560\" src=\"https:\/\/api-k.fr\/wp-content\/uploads\/2025\/03\/1740476518176-scaled.jpg\" class=\"attachment-full size-full\" alt=\"\" \/>                        <\/div>\n                    <\/div>             <\/div>\n        <\/div> \n\t\t\t\t<\/div>\n\t\t\t\t<\/div>\n\t\t\t\t\t<\/div>\n\t\t<\/div>\n\t\t\t\t\t<\/div>\n\t\t<\/section>\n\t\t\t\t<section class=\"elementor-section elementor-top-section elementor-element elementor-element-d3aa546 elementor-section-boxed elementor-section-height-default elementor-section-height-default\" data-id=\"d3aa546\" data-element_type=\"section\">\n\t\t\t\t\t\t<div class=\"elementor-container elementor-column-gap-default\">\n\t\t\t\t\t<div class=\"elementor-column elementor-col-100 elementor-top-column elementor-element elementor-element-f09a035\" data-id=\"f09a035\" data-element_type=\"column\">\n\t\t\t<div class=\"elementor-widget-wrap elementor-element-populated\">\n\t\t\t\t\t\t<div class=\"elementor-element elementor-element-5bd4886 elementor-widget elementor-widget-hanta_footer\" data-id=\"5bd4886\" data-element_type=\"widget\" data-widget_type=\"hanta_footer.default\">\n\t\t\t\t<div class=\"elementor-widget-container\">\n\t\t\t\t\t\n<footer class=\"main-footer\">\n\t<div class=\"pattern-layer\" style=\"background-image: url(https:\/\/api-k.fr\/wp-content\/themes\/hanta\/assets\/images\/shape\/shape-3.png);\"><\/div>\n\t<div class=\"image-layer\">\n\t\t<figure class=\"image image-1\">\n\t\t\t\t\t\t\t<img loading=\"lazy\" decoding=\"async\" width=\"236\" height=\"385\" src=\"https:\/\/api-k.fr\/wp-content\/uploads\/2025\/03\/honey-1.png\" class=\"attachment-full size-full wp-image-140\" alt=\"\" srcset=\"https:\/\/api-k.fr\/wp-content\/uploads\/2025\/03\/honey-1.png 236w, https:\/\/api-k.fr\/wp-content\/uploads\/2025\/03\/honey-1-184x300.png 184w\" sizes=\"(max-width: 236px) 100vw, 236px\" \/>\t\t\t\t\t<\/figure>\n\t\t<figure class=\"image image-2\">\n\t\t\t\t\t\t<img loading=\"lazy\" decoding=\"async\" width=\"299\" height=\"390\" src=\"https:\/\/api-k.fr\/wp-content\/uploads\/2025\/03\/honey-2.png\" class=\"attachment-full size-full wp-image-141\" alt=\"\" srcset=\"https:\/\/api-k.fr\/wp-content\/uploads\/2025\/03\/honey-2.png 299w, https:\/\/api-k.fr\/wp-content\/uploads\/2025\/03\/honey-2-230x300.png 230w\" sizes=\"(max-width: 299px) 100vw, 299px\" \/>\t\t\t\t\t<\/figure>\n\t<\/div>\n\t<div class=\"auto-container\">\n\t\t<div class=\"footer-top\">\n\t\t\t<div class=\"row clearfix\">\n\t\t\t\t<div class=\"col-lg-3 col-md-6 col-sm-12 footer-column\">\n\t\t\t\t\t<div class=\"footer-widget links-widget\">\n\t\t\t\t\t\t<div class=\"widget-title\">\n\t\t\t\t\t\t\t<h4 class=\"typo-title-text\">\n\t\t\t\t\t\t\t\tMenu\t\t\t\t\t\t\t<\/h4>\n\t\t\t\t\t\t<\/div>\n\t\t\t\t\t\t<div class=\"widget-content\">\n\t\t\t\t\t\t\t<ul class=\"links-list clearfix\">\n\t\t\t\t\t\t\t\t\t\t\t\t\t\t\t<li><a href=\"\"  target=\"_blank\"  rel=\"nofollow\">Accueil<\/a><\/li>\n\t\t\t\t\t\t\t\t\t\t\t\t\t\t\t\t<li><a href=\"\"  target=\"_blank\"  rel=\"nofollow\">Pr\u00e9sentation<\/a><\/li>\n\t\t\t\t\t\t\t\t\t\t\t\t\t\t\t\t<li><a href=\"\"  target=\"_blank\"  rel=\"nofollow\">Boutique<\/a><\/li>\n\t\t\t\t\t\t\t\t\t\t\t\t\t\t\t\t<li><a href=\"\"  target=\"_blank\"  rel=\"nofollow\">Panier<\/a><\/li>\n\t\t\t\t\t\t\t\t\t\t\t\t\t\t\t\t<li><a href=\"\"  target=\"_blank\"  rel=\"nofollow\">Contact<\/a><\/li>\n\t\t\t\t\t\t\t\t\t\t\t\t\t\t\t<\/ul>\n\t\t\t\t\t\t<\/div>\n\t\t\t\t\t<\/div>\n\t\t\t\t<\/div>\n\t\t\t\t<div class=\"col-lg-3 col-md-6 col-sm-12 footer-column\">\n\t\t\t\t\t<div class=\"footer-widget links-widget\">\n\t\t\t\t\t\t<div class=\"widget-title\">\n\t\t\t\t\t\t\t<h4 class=\"typo-title-text\">\n\t\t\t\t\t\t\t\tAPI-K\t\t\t\t\t\t\t<\/h4>\n\t\t\t\t\t\t<\/div>\n\t\t\t\t\t\t<div class=\"widget-content\">\n\t\t\t\t\t\t\t<ul class=\"links-list clearfix\">\n\t\t\t\t\t\t\t\t\t\t\t\t\t\t\t<li><a href=\"\"  target=\"_blank\"  rel=\"nofollow\">Facebook<\/a><\/li>\n\t\t\t\t\t\t\t\t\t\t\t\t\t\t\t\t<li><a href=\"\"  target=\"_blank\"  rel=\"nofollow\">Instagram<\/a><\/li>\n\t\t\t\t\t\t\t\t\t\t\t\t\t\t\t\t\n\t\t\t\t\t\t\t<\/ul>\n\t\t\t\t\t\t<\/div>\n\t\t\t\t\t<\/div>\n\t\t\t\t<\/div>\n\t\t\t\t<div class=\"col-lg-3 col-md-6 col-sm-12 footer-column\">\n\t\t\t\t\t<div class=\"footer-widget contact-widget\">\n\t\t\t\t\t\t<div class=\"widget-title\">\n\t\t\t\t\t\t\t<h4 class=\"typo-title-text\">\n\t\t\t\t\t\t\t\tCONTACT\t\t\t\t\t\t\t<\/h4>\n\t\t\t\t\t\t<\/div>\n\t\t\t\t\t\t<div class=\"widget-content\">\n\t\t\t\t\t\t\t<h6>90 chemin Arabatoenia\n64210 Arbonne<\/h6>\n\t\t\t\t\t\t\t<ul class=\"social-links clearfix\">\n\t\t\t\t\t\t\tcontact@api-k.fr\t\t\t\t\t\t\t<\/ul>\n\t\t\t\t\t\t\t<div class=\"call-box\"><p><i class=\"fal fa-phone\"><\/i>060231221<\/div>\n\t\t\t\t\t\t<\/div>\n\t\t\t\t\t<\/div>\n\t\t\t\t<\/div>\n\t\t\t\t<div class=\"col-lg-3 col-md-6 col-sm-12 footer-column\">\n\t\t\t\t\t<div class=\"footer-widget post-widget\">\n\t\t\t\t\t\t<div class=\"widget-title\">\n\t\t\t\t\t\t\t<h4 class=\"typo-title-text\">\n\t\t\t\t\t\t\t\t\t\t\t\t\t\t\t<\/h4>\n\t\t\t\t\t\t<\/div>\n\t\t\t\t\t\t\t\t\t\t\t\t\t<div class=\"post-inner\">\n\t\t\t\t\t\t\t\t\t\t\t\t\t\t\t\t\t<div class=\"post\">\n\t\t\t\t\t\t\t\t\t\t\t\t\t\t\t\t\t\t\t<h6><a href=\"https:\/\/api-k.fr\/index.php\/2025\/02\/25\/bonjour-tout-le-monde\/\">Bonjour tout le monde\u00a0!<\/a><\/h6>\n\t\t\t\t\t\t\t\t\t\t<span class=\"post-date\">25 Feb 2025<\/span>\n\t\t\t\t\t\t\t\t\t<\/div>\n\t\t\t\t\t\t\t \n\t\t\t\t\t\t\t\t<\/div>\n\t\t\t\t\t\t\t\t\t\t\t\t<\/div>\n\t\t\t\t<\/div>\n\t\t\t<\/div>\n\t\t<\/div>\n\t\t<div class=\"footer-bottom clearfix\">\n\t\t\t<div class=\"text pull-left\">\n\t\t\t\t2025 All Rights Reserved. API-K\t\t\t<\/div>\n\t\t\t<div class=\"text pull-right\">\n\t\t\t\tDesigned by SOG\t\t\t<\/div>\n\t\t<\/div>\n\t<\/div>\n<\/footer>\n\t\t\t\t\t\t<\/div>\n\t\t\t\t<\/div>\n\t\t\t\t\t<\/div>\n\t\t<\/div>\n\t\t\t\t\t<\/div>\n\t\t<\/section>\n\t\t\t\t<section class=\"elementor-section elementor-top-section elementor-element elementor-element-d40f929 elementor-section-boxed elementor-section-height-default elementor-section-height-default\" data-id=\"d40f929\" data-element_type=\"section\">\n\t\t\t\t\t\t<div class=\"elementor-container elementor-column-gap-default\">\n\t\t\t\t\t<div class=\"elementor-column elementor-col-100 elementor-top-column elementor-element elementor-element-1198740\" data-id=\"1198740\" data-element_type=\"column\">\n\t\t\t<div class=\"elementor-widget-wrap\">\n\t\t\t\t\t\t\t<\/div>\n\t\t<\/div>\n\t\t\t\t\t<\/div>\n\t\t<\/section>\n\t\t\t\t<\/div>\n\t\t","protected":false},"excerpt":{"rendered":"<p>Capucine Decreme Capucine Decr\u00eame, 54 ans aujourd\u2019hui, je porte un projet apicole de production de gel\u00e9e royale (GR) et de transformation de produits de la ruche en cosm\u00e9tique (mac\u00e9rats huileux, baumes, savons) \u00e0 la propolis et cire d\u2019abeille. Apr\u00e8s une courte exp\u00e9rience en laboratoire et une plus longue carri\u00e8re dans l\u2019enseignement, je souhaite aujourd\u2019hui mener [&hellip;]<\/p>\n","protected":false},"author":2,"featured_media":72,"parent":0,"menu_order":0,"comment_status":"closed","ping_status":"closed","template":"redux-templates_full_width","meta":{"footnotes":""},"class_list":["post-176","page","type-page","status-publish","has-post-thumbnail","hentry"],"_links":{"self":[{"href":"https:\/\/api-k.fr\/index.php\/wp-json\/wp\/v2\/pages\/176","targetHints":{"allow":["GET"]}}],"collection":[{"href":"https:\/\/api-k.fr\/index.php\/wp-json\/wp\/v2\/pages"}],"about":[{"href":"https:\/\/api-k.fr\/index.php\/wp-json\/wp\/v2\/types\/page"}],"author":[{"embeddable":true,"href":"https:\/\/api-k.fr\/index.php\/wp-json\/wp\/v2\/users\/2"}],"replies":[{"embeddable":true,"href":"https:\/\/api-k.fr\/index.php\/wp-json\/wp\/v2\/comments?post=176"}],"version-history":[{"count":37,"href":"https:\/\/api-k.fr\/index.php\/wp-json\/wp\/v2\/pages\/176\/revisions"}],"predecessor-version":[{"id":263,"href":"https:\/\/api-k.fr\/index.php\/wp-json\/wp\/v2\/pages\/176\/revisions\/263"}],"wp:featuredmedia":[{"embeddable":true,"href":"https:\/\/api-k.fr\/index.php\/wp-json\/wp\/v2\/media\/72"}],"wp:attachment":[{"href":"https:\/\/api-k.fr\/index.php\/wp-json\/wp\/v2\/media?parent=176"}],"curies":[{"name":"wp","href":"https:\/\/api.w.org\/{rel}","templated":true}]}}