{"id":35,"date":"2025-03-05T09:58:28","date_gmt":"2025-03-05T08:58:28","guid":{"rendered":"https:\/\/api-k.fr\/?page_id=35"},"modified":"2025-03-11T09:07:48","modified_gmt":"2025-03-11T08:07:48","slug":"index","status":"publish","type":"page","link":"https:\/\/api-k.fr\/","title":{"rendered":"index"},"content":{"rendered":"\t\t<div data-elementor-type=\"wp-page\" data-elementor-id=\"35\" class=\"elementor elementor-35\">\n\t\t\t\t\t\t<section class=\"elementor-section elementor-top-section elementor-element elementor-element-dd82ba7 elementor-section-full_width elementor-section-height-default elementor-section-height-default\" data-id=\"dd82ba7\" data-element_type=\"section\">\n\t\t\t\t\t\t<div class=\"elementor-container elementor-column-gap-default\">\n\t\t\t\t\t<div class=\"elementor-column elementor-col-100 elementor-top-column elementor-element elementor-element-4f55dd7\" data-id=\"4f55dd7\" data-element_type=\"column\">\n\t\t\t<div class=\"elementor-widget-wrap elementor-element-populated\">\n\t\t\t\t\t\t<div class=\"elementor-element elementor-element-5fa17e0 elementor-widget elementor-widget-slider\" data-id=\"5fa17e0\" data-element_type=\"widget\" data-widget_type=\"slider.default\">\n\t\t\t\t<div class=\"elementor-widget-container\">\n\t\t\t\t\t<!-- banner-section -->\n<section class=\"banner-section style-one\">\n\t<div class=\"banner-carousel owl-theme owl-carousel owl-dots-none\">\n\t\t\t\t<div class=\"slide-item\">\n\t\t\t<div class=\"image-layer\" style=\"background-image:url(https:\/\/api-k.fr\/wp-content\/uploads\/2025\/03\/1180.jpg)\"><\/div>\n\t\t\t<div class=\"large-container\">\n\t\t\t\t<div class=\"content-inner\">\n\t\t\t\t\t<div class=\"content-box\">\n\t\t\t\t\t\t<h1 class=\"typo-item_title-text\"><\/h1>\n\t\t\t\t\t\t<h2 class=\"typo-item_content-text\"><\/h2>\n\t\t\t\t\t\t<div class=\"btn-box\">\n\t\t\t\t\t\t\t<a \t\t\t\t\t\t\t\tclass=\"theme-btn-one\"><\/a>\n\t\t\t\t\t\t\t<a \t\t\t\t\t\t\t\tclass=\"banner-btn-one\"><\/a>\n\t\t\t\t\t\t<\/div>\n\t\t\t\t\t<\/div>\n\t\t\t\t\t<figure class=\"image\">\n\t\t\t\t\t\t<img decoding=\"async\" width=\"162\" height=\"45\" src=\"https:\/\/api-k.fr\/wp-content\/uploads\/2025\/03\/logo-3.svg\" class=\"attachment-full size-full\" alt=\"\" \/>\t\t\t\t\t<\/figure>\n\t\t\t\t<\/div>\n\t\t\t<\/div>\n\t\t<\/div> \t\t<div class=\"slide-item\">\n\t\t\t<div class=\"image-layer\" style=\"background-image:url(https:\/\/api-k.fr\/wp-content\/uploads\/2025\/03\/9310.jpg)\"><\/div>\n\t\t\t<div class=\"large-container\">\n\t\t\t\t<div class=\"content-inner\">\n\t\t\t\t\t<div class=\"content-box\">\n\t\t\t\t\t\t<h1 class=\"typo-item_title-text\"><\/h1>\n\t\t\t\t\t\t<h2 class=\"typo-item_content-text\"><\/h2>\n\t\t\t\t\t\t<div class=\"btn-box\">\n\t\t\t\t\t\t\t<a \t\t\t\t\t\t\t\tclass=\"theme-btn-one\"><\/a>\n\t\t\t\t\t\t\t<a \t\t\t\t\t\t\t\tclass=\"banner-btn-one\"><\/a>\n\t\t\t\t\t\t<\/div>\n\t\t\t\t\t<\/div>\n\t\t\t\t\t<figure class=\"image\">\n\t\t\t\t\t\t<img decoding=\"async\" width=\"162\" height=\"45\" src=\"https:\/\/api-k.fr\/wp-content\/uploads\/2025\/03\/logo-3.svg\" class=\"attachment-full size-full\" alt=\"\" \/>\t\t\t\t\t<\/figure>\n\t\t\t\t<\/div>\n\t\t\t<\/div>\n\t\t<\/div> \n\t<\/div>\n<\/section>\n<!-- banner-section end -->\n\t\t\t\t\t\t<\/div>\n\t\t\t\t<\/div>\n\t\t\t\t\t<\/div>\n\t\t<\/div>\n\t\t\t\t\t<\/div>\n\t\t<\/section>\n\t\t\t\t<section class=\"elementor-section elementor-top-section elementor-element elementor-element-9e1eef9 elementor-section-boxed elementor-section-height-default elementor-section-height-default\" data-id=\"9e1eef9\" data-element_type=\"section\">\n\t\t\t\t\t\t<div class=\"elementor-container elementor-column-gap-default\">\n\t\t\t\t\t<div class=\"elementor-column elementor-col-100 elementor-top-column elementor-element elementor-element-581b8a2\" data-id=\"581b8a2\" data-element_type=\"column\">\n\t\t\t<div class=\"elementor-widget-wrap elementor-element-populated\">\n\t\t\t\t\t\t<div class=\"elementor-element elementor-element-7bfbabf elementor-widget elementor-widget-heading\" data-id=\"7bfbabf\" data-element_type=\"widget\" data-widget_type=\"heading.default\">\n\t\t\t\t<div class=\"elementor-widget-container\">\n\t\t\t\t\t<h2 class=\"elementor-heading-title elementor-size-default\">QUI SOMMES NOUS<\/h2>\t\t\t\t<\/div>\n\t\t\t\t<\/div>\n\t\t\t\t<div class=\"elementor-element elementor-element-a4638a1 elementor-widget elementor-widget-heading\" data-id=\"a4638a1\" data-element_type=\"widget\" data-widget_type=\"heading.default\">\n\t\t\t\t<div class=\"elementor-widget-container\">\n\t\t\t\t\t<h2 class=\"elementor-heading-title elementor-size-default\">API-K<\/h2>\t\t\t\t<\/div>\n\t\t\t\t<\/div>\n\t\t\t\t<section class=\"elementor-section elementor-inner-section elementor-element elementor-element-034f9b7 elementor-section-boxed elementor-section-height-default elementor-section-height-default\" data-id=\"034f9b7\" data-element_type=\"section\">\n\t\t\t\t\t\t<div class=\"elementor-container elementor-column-gap-default\">\n\t\t\t\t\t<div class=\"elementor-column elementor-col-50 elementor-inner-column elementor-element elementor-element-31219dc\" data-id=\"31219dc\" data-element_type=\"column\">\n\t\t\t<div class=\"elementor-widget-wrap elementor-element-populated\">\n\t\t\t\t\t\t<div class=\"elementor-element elementor-element-892cf86 elementor-widget elementor-widget-image\" data-id=\"892cf86\" data-element_type=\"widget\" data-widget_type=\"image.default\">\n\t\t\t\t<div class=\"elementor-widget-container\">\n\t\t\t\t\t\t\t\t\t\t\t\t\t\t\t<img fetchpriority=\"high\" decoding=\"async\" width=\"640\" height=\"480\" src=\"https:\/\/api-k.fr\/wp-content\/uploads\/2025\/03\/1740062807217-1024x768.jpg\" class=\"attachment-large size-large wp-image-119\" alt=\"\" srcset=\"https:\/\/api-k.fr\/wp-content\/uploads\/2025\/03\/1740062807217-1024x768.jpg 1024w, https:\/\/api-k.fr\/wp-content\/uploads\/2025\/03\/1740062807217-300x225.jpg 300w, https:\/\/api-k.fr\/wp-content\/uploads\/2025\/03\/1740062807217-768x576.jpg 768w, https:\/\/api-k.fr\/wp-content\/uploads\/2025\/03\/1740062807217-1536x1152.jpg 1536w, https:\/\/api-k.fr\/wp-content\/uploads\/2025\/03\/1740062807217-2048x1536.jpg 2048w, https:\/\/api-k.fr\/wp-content\/uploads\/2025\/03\/1740062807217-600x450.jpg 600w\" sizes=\"(max-width: 640px) 100vw, 640px\" \/>\t\t\t\t\t\t\t\t\t\t\t\t\t\t\t<\/div>\n\t\t\t\t<\/div>\n\t\t\t\t\t<\/div>\n\t\t<\/div>\n\t\t\t\t<div class=\"elementor-column elementor-col-50 elementor-inner-column elementor-element elementor-element-e8c18a5\" data-id=\"e8c18a5\" data-element_type=\"column\">\n\t\t\t<div class=\"elementor-widget-wrap elementor-element-populated\">\n\t\t\t\t\t\t<div class=\"elementor-element elementor-element-eeb8e67 elementor-widget elementor-widget-text-editor\" data-id=\"eeb8e67\" data-element_type=\"widget\" data-widget_type=\"text-editor.default\">\n\t\t\t\t<div class=\"elementor-widget-container\">\n\t\t\t\t\t\t\t\t\t<p>Capucine Decr\u00eame, 54 ans aujourd\u2019hui, je porte un projet apicole de production de gel\u00e9e royale (GR) et de transformation de produits de la ruche en cosm\u00e9tique (mac\u00e9rats huileux, baumes, savons) \u00e0 la propolis et cire d\u2019abeille.<br \/>Apr\u00e8s une courte exp\u00e9rience en laboratoire et une plus longue carri\u00e8re dans l\u2019enseignement, je souhaite aujourd\u2019hui mener une activit\u00e9 en lien avec le milieu naturel, compatible avec mes valeurs de soin de la personne, de pr\u00e9servation de la bio-diversit\u00e9 et de limitation de l\u2019impact climatique.<br \/>Si mon objectif est de d\u00e9gager par mon exploitation un revenu me permettant au moins partiellement de subsister dans les ann\u00e9es \u00e0 venir, je ne vise pas l\u2019enrichissement personnel. Mon activit\u00e9 sera conduite en agriculture paysanne, dans un souci de respect du r\u00e8gne animal, v\u00e9g\u00e9tal et humain.<\/p>\t\t\t\t\t\t\t\t<\/div>\n\t\t\t\t<\/div>\n\t\t\t\t<div class=\"elementor-element elementor-element-1691584 elementor-widget elementor-widget-button\" data-id=\"1691584\" data-element_type=\"widget\" data-widget_type=\"button.default\">\n\t\t\t\t<div class=\"elementor-widget-container\">\n\t\t\t\t\t\t\t\t\t<div class=\"elementor-button-wrapper\">\n\t\t\t\t\t<a class=\"elementor-button elementor-button-link elementor-size-sm\" href=\"https:\/\/api-k.fr\/index.php\/presentation\/\">\n\t\t\t\t\t\t<span class=\"elementor-button-content-wrapper\">\n\t\t\t\t\t\t<span class=\"elementor-button-icon\">\n\t\t\t\t<i aria-hidden=\"true\" class=\" flaticon-bee-3\"><\/i>\t\t\t<\/span>\n\t\t\t\t\t\t\t\t\t<span class=\"elementor-button-text\">En savoir plus<\/span>\n\t\t\t\t\t<\/span>\n\t\t\t\t\t<\/a>\n\t\t\t\t<\/div>\n\t\t\t\t\t\t\t\t<\/div>\n\t\t\t\t<\/div>\n\t\t\t\t\t<\/div>\n\t\t<\/div>\n\t\t\t\t\t<\/div>\n\t\t<\/section>\n\t\t\t\t<div class=\"elementor-element elementor-element-86a191e elementor-widget elementor-widget-hanta_feature_slider\" data-id=\"86a191e\" data-element_type=\"widget\" data-widget_type=\"hanta_feature_slider.default\">\n\t\t\t\t<div class=\"elementor-widget-container\">\n\t\t\t\t\t        <!-- feature-style-two -->\n        <section class=\"feature-style-two centred\">\n            <div class=\"auto-container\">\n                <div class=\"four-item-carousel owl-carousel owl-theme owl-dots-none owl-nav-none\">\n                     \n                        <div class=\"feature-block-two mb-30\">\n                            <div class=\"inner-box\">\n                                <div class=\"content-box\">\n                                    <div class=\"icon-box\"><i class=\"flaticon-flower\"><\/i><\/div>\n                                    <h5>Flowers produce<\/h5>\n                                    <p>Sed ut perspiciatis unde omnis natus volup<\/p>\n                                    <div class=\"link\"><a href=\"\"  target=\"_blank\"  rel=\"nofollow\"><i class=\"far fa-arrow-right\"><\/i><\/a><\/div>\n                                <\/div>\n                                <div class=\"overlay-content\" style=\"background-image: url();\">\n                                    <div class=\"icon-box\"><i class=\"flaticon-flower\"><\/i><\/div>\n                                    <h5>Flowers produce<\/h5>\n                                    <p>But I must explain to you how all thimistaken idea of denou pleas<\/p>\n                                    <div class=\"link\"><a href=\"\"  target=\"_blank\"  rel=\"nofollow\"><i class=\"far fa-arrow-right\"><\/i><\/a><\/div>\n                                <\/div>\n                            <\/div>\n                        <\/div> \n\n                <\/div>\n            <\/div>\n        <\/section>\n        <!-- feature-style-two end --> \n        \t\t\t\t<\/div>\n\t\t\t\t<\/div>\n\t\t\t\t\t<\/div>\n\t\t<\/div>\n\t\t\t\t\t<\/div>\n\t\t<\/section>\n\t\t\t\t<section class=\"elementor-section elementor-top-section elementor-element elementor-element-44150de elementor-section-full_width elementor-section-height-default elementor-section-height-default\" data-id=\"44150de\" data-element_type=\"section\">\n\t\t\t\t\t\t<div class=\"elementor-container elementor-column-gap-default\">\n\t\t\t\t\t<div class=\"elementor-column elementor-col-100 elementor-top-column elementor-element elementor-element-2c0c244\" data-id=\"2c0c244\" data-element_type=\"column\">\n\t\t\t<div class=\"elementor-widget-wrap elementor-element-populated\">\n\t\t\t\t\t\t<div class=\"elementor-element elementor-element-1995273 elementor-widget elementor-widget-popular_product\" data-id=\"1995273\" data-element_type=\"widget\" data-widget_type=\"popular_product.default\">\n\t\t\t\t<div class=\"elementor-widget-container\">\n\t\t\t\t\t\t\t\t\t\t<!-- shop-section -->\n\t\t\t<section class=\"shop-section centred woocommerce \">\n\t\t\t\t<div class=\"pattern-layer\" style=\"background-image: url(https:\/\/api-k.fr\/wp-content\/uploads\/2025\/03\/shape-4.png);\"><\/div>\n\t\t\t\t\t\t\t\t<div class=\"auto-container\">\n\t\t\t\t\t<div class=\"sec-title centred \">\n\t\t\t\t\t\t<!-- Tagline -->\n\t\t\t\t\t\t<p class=\"typo-title-text\">\n\t\t\t\t\t\t\tVisiter notre boutique\t\t\t\t\t\t<\/p>\n\t\t\t\t\t\t<!-- Title -->\n\t\t\t\t\t\t<h2 class=\"typo-title-text\">\n\t\t\t\t\t\t\tNOS PRODUITS PHARES\t\t\t\t\t\t<\/h2>\n\t\t\t\t\t\t<!-- Title -->\n\t\t\t\t\t<\/div>\n\t\t\t\t\t<div class=\"row clearfix\">\n\t\t\t\t\t\t\t\t\t\t\t\t\t\t\t<div class=\"col-lg-4 col-md-6 col-sm-12 shop-block\">\n\t\t\t\t\t\t\t\t\t\t<div class=\"shop-block-one wow fadeInUp animated animated\" data-wow-delay=\"00ms\" data-wow-duration=\"1500ms\">\n\t\t\t\t\t\t\t\t\t\t\t<div class=\"inner-box\">\n\t\t\t\t\t\t\t\t\t\t\t\t<figure class=\"image-box\"><a href=\"https:\/\/api-k.fr\/index.php\/produit\/baume-artisanal-du-sphinx\/\">\n\t\t\t\t\t\t\t\t\t\t\t\t\t\t<img decoding=\"async\" src=\"\" loading=\"lazy\" alt=\"product image\" \/>\n\t\t\t\t\t\t\t\t\t\t\t\t\t<\/a><\/figure>\n\t\t\t\t\t\t\t\t\t\t\t\t<div class=\"lower-content\">\n\t\t\t\t\t\t\t\t\t\t\t\t\t<div class=\"rating clearfix\">\n\t\t\t\t\t\t\t\t\t\t\t\t\t\t\t\t\t\t\t\t\t\t\t\t\t\t\t<\/div>\n\t\t\t\t\t\t\t\t\t\t\t\t\t<h5><a href=\"https:\/\/api-k.fr\/index.php\/produit\/baume-artisanal-du-sphinx\/\">Baume artisanal du SPHINX<\/a><\/h5>\n\t\t\t\t\t\t\t\t\t\t\t\t\t<span class=\"price\"><span class=\"woocommerce-Price-amount amount\"><bdi><span class=\"woocommerce-Price-currencySymbol\">&#36;<\/span>25.00<\/bdi><\/span><\/span>\n\t\t\t\t\t\t\t\t\t\t\t\t<\/div>\n\t\t\t\t\t\t\t\t\t\t\t<\/div>\n\t\t\t\t\t\t\t\t\t\t<\/div>\n\t\t\t\t\t\t\t\t\t<\/div>\n\t\t\t\t\t\t\t\t\t\t\t\t\t\t\t<div class=\"col-lg-4 col-md-6 col-sm-12 shop-block\">\n\t\t\t\t\t\t\t\t\t\t<div class=\"shop-block-one wow fadeInUp animated animated\" data-wow-delay=\"00ms\" data-wow-duration=\"1500ms\">\n\t\t\t\t\t\t\t\t\t\t\t<div class=\"inner-box\">\n\t\t\t\t\t\t\t\t\t\t\t\t<figure class=\"image-box\"><a href=\"https:\/\/api-k.fr\/index.php\/produit\/gelee-royale\/\">\n\t\t\t\t\t\t\t\t\t\t\t\t\t\t<img decoding=\"async\" src=\"\" loading=\"lazy\" alt=\"product image\" \/>\n\t\t\t\t\t\t\t\t\t\t\t\t\t<\/a><\/figure>\n\t\t\t\t\t\t\t\t\t\t\t\t<div class=\"lower-content\">\n\t\t\t\t\t\t\t\t\t\t\t\t\t<div class=\"rating clearfix\">\n\t\t\t\t\t\t\t\t\t\t\t\t\t\t\t\t\t\t\t\t\t\t\t\t\t\t\t<\/div>\n\t\t\t\t\t\t\t\t\t\t\t\t\t<h5><a href=\"https:\/\/api-k.fr\/index.php\/produit\/gelee-royale\/\">Gel\u00e9e Royale<\/a><\/h5>\n\t\t\t\t\t\t\t\t\t\t\t\t\t<span class=\"price\"><span class=\"woocommerce-Price-amount amount\"><bdi><span class=\"woocommerce-Price-currencySymbol\">&#36;<\/span>25.00<\/bdi><\/span><\/span>\n\t\t\t\t\t\t\t\t\t\t\t\t<\/div>\n\t\t\t\t\t\t\t\t\t\t\t<\/div>\n\t\t\t\t\t\t\t\t\t\t<\/div>\n\t\t\t\t\t\t\t\t\t<\/div>\n\t\t\t\t\t\t\t\t\t\t\t<\/div>\n\t\t\t\t\t<div class=\"more-btn\"><a href=\"https:\/\/api-k.fr\/index.php\/boutique\/\" class=\"theme-btn-one\">VOIR TOUS NOS PRODUITS<\/a><\/div>\n\t\t\t\t<\/div>\n\t\t\t<\/section>\n\t\t\t\t\t\t<\/div>\n\t\t\t\t<\/div>\n\t\t\t\t\t<\/div>\n\t\t<\/div>\n\t\t\t\t\t<\/div>\n\t\t<\/section>\n\t\t\t\t<section class=\"elementor-section elementor-top-section elementor-element elementor-element-b12d41a elementor-section-full_width elementor-section-height-default elementor-section-height-default\" data-id=\"b12d41a\" data-element_type=\"section\">\n\t\t\t\t\t\t<div class=\"elementor-container elementor-column-gap-default\">\n\t\t\t\t\t<div class=\"elementor-column elementor-col-100 elementor-top-column elementor-element elementor-element-96ea17e\" data-id=\"96ea17e\" data-element_type=\"column\">\n\t\t\t<div class=\"elementor-widget-wrap elementor-element-populated\">\n\t\t\t\t\t\t<div class=\"elementor-element elementor-element-ace65d1 elementor-widget elementor-widget-choose_us_two\" data-id=\"ace65d1\" data-element_type=\"widget\" data-widget_type=\"choose_us_two.default\">\n\t\t\t\t<div class=\"elementor-widget-container\">\n\t\t\t\t\t        <section class=\"chooseus-style-two bg-color-1\">\n            <div class=\"auto-container\">\n                <div class=\"sec-title style-two\">\n                    <!-- Tagline -->\n                    <p class=\"typo-title-text\">\n                        Pourquoi nous choisir                    <\/p>\n                    <!-- Title -->\n                    <h2 class=\"typo-title-text\">\n                        Parceque je suis la meilleure                    <\/h2>\n                    <!-- Title -->\n                <\/div>\n                <div class=\"row clearfix\">\n                     <div class=\"col-lg-4 col-md-6 col-sm-12 single-column\">\n                            <div class=\"single-item wow fadeInUp animated animated\" data-wow-delay=\"00ms\" data-wow-duration=\"1500ms\">\n                                <div class=\"icon-box\"><i aria-hidden=\"true\" class=\" flaticon-flower\"><\/i><\/div>\n                                <h5><a href=\"\"  target=\"_blank\"  rel=\"nofollow\"><\/a><\/h5>\n                                <p>Sed ut perspiciatis undeom nis iste natus error voluptate accusantium doloremque<\/p>\n                            <\/div>\n                        <\/div>  <div class=\"col-lg-4 col-md-6 col-sm-12 single-column\">\n                            <div class=\"single-item wow fadeInUp animated animated\" data-wow-delay=\"00ms\" data-wow-duration=\"1500ms\">\n                                <div class=\"icon-box\"><i aria-hidden=\"true\" class=\" flaticon-bee\"><\/i><\/div>\n                                <h5><a href=\"\"  target=\"_blank\"  rel=\"nofollow\"><\/a><\/h5>\n                                <p>Sed ut perspiciatis undeom nis iste natus error voluptate accusantium doloremque<\/p>\n                            <\/div>\n                        <\/div>  <div class=\"col-lg-4 col-md-6 col-sm-12 single-column\">\n                            <div class=\"single-item wow fadeInUp animated animated\" data-wow-delay=\"00ms\" data-wow-duration=\"1500ms\">\n                                <div class=\"icon-box\"><i aria-hidden=\"true\" class=\" flaticon-hive\"><\/i><\/div>\n                                <h5><a href=\"\"  target=\"_blank\"  rel=\"nofollow\"><\/a><\/h5>\n                                <p>Sed ut perspiciatis undeom nis iste natus error voluptate accusantium doloremque<\/p>\n                            <\/div>\n                        <\/div>  <div class=\"col-lg-4 col-md-6 col-sm-12 single-column\">\n                            <div class=\"single-item wow fadeInUp animated animated\" data-wow-delay=\"00ms\" data-wow-duration=\"1500ms\">\n                                <div class=\"icon-box\"><i aria-hidden=\"true\" class=\" flaticon-beehive\"><\/i><\/div>\n                                <h5><a href=\"\"  target=\"_blank\"  rel=\"nofollow\"><\/a><\/h5>\n                                <p>Sed ut perspiciatis undeom nis iste natus error voluptate accusantium doloremque<\/p>\n                            <\/div>\n                        <\/div>  <div class=\"col-lg-4 col-md-6 col-sm-12 single-column\">\n                            <div class=\"single-item wow fadeInUp animated animated\" data-wow-delay=\"00ms\" data-wow-duration=\"1500ms\">\n                                <div class=\"icon-box\"><i aria-hidden=\"true\" class=\" flaticon-honey-1\"><\/i><\/div>\n                                <h5><a href=\"\"  target=\"_blank\"  rel=\"nofollow\"><\/a><\/h5>\n                                <p>Sed ut perspiciatis undeom nis iste natus error voluptate accusantium doloremque<\/p>\n                            <\/div>\n                        <\/div>  <div class=\"col-lg-4 col-md-6 col-sm-12 single-column\">\n                            <div class=\"single-item wow fadeInUp animated animated\" data-wow-delay=\"00ms\" data-wow-duration=\"1500ms\">\n                                <div class=\"icon-box\"><i aria-hidden=\"true\" class=\" flaticon-honey-2\"><\/i><\/div>\n                                <h5><a href=\"\"  target=\"_blank\"  rel=\"nofollow\"><\/a><\/h5>\n                                <p>Sed ut perspiciatis undeom nis iste natus error voluptate accusantium doloremque<\/p>\n                            <\/div>\n                        <\/div> \n\n                <\/div>\n            <\/div>\n        <\/section> \t\t\t\t<\/div>\n\t\t\t\t<\/div>\n\t\t\t\t\t<\/div>\n\t\t<\/div>\n\t\t\t\t\t<\/div>\n\t\t<\/section>\n\t\t\t\t<section class=\"elementor-section elementor-top-section elementor-element elementor-element-c9f14bf elementor-section-boxed elementor-section-height-default elementor-section-height-default\" data-id=\"c9f14bf\" data-element_type=\"section\">\n\t\t\t\t\t\t<div class=\"elementor-container elementor-column-gap-default\">\n\t\t\t\t\t<div class=\"elementor-column elementor-col-100 elementor-top-column elementor-element elementor-element-8ba1be7\" data-id=\"8ba1be7\" data-element_type=\"column\">\n\t\t\t<div class=\"elementor-widget-wrap elementor-element-populated\">\n\t\t\t\t\t\t<div class=\"elementor-element elementor-element-8670971 elementor-widget elementor-widget-hanta_footer\" data-id=\"8670971\" data-element_type=\"widget\" data-widget_type=\"hanta_footer.default\">\n\t\t\t\t<div class=\"elementor-widget-container\">\n\t\t\t\t\t\n<footer class=\"main-footer\">\n\t<div class=\"pattern-layer\" style=\"background-image: url(https:\/\/api-k.fr\/wp-content\/themes\/hanta\/assets\/images\/shape\/shape-3.png);\"><\/div>\n\t<div class=\"image-layer\">\n\t\t<figure class=\"image image-1\">\n\t\t\t\t\t\t\t<img decoding=\"async\" width=\"236\" height=\"385\" src=\"https:\/\/api-k.fr\/wp-content\/uploads\/2025\/03\/honey-1.png\" class=\"attachment-full size-full wp-image-140\" alt=\"\" srcset=\"https:\/\/api-k.fr\/wp-content\/uploads\/2025\/03\/honey-1.png 236w, https:\/\/api-k.fr\/wp-content\/uploads\/2025\/03\/honey-1-184x300.png 184w\" sizes=\"(max-width: 236px) 100vw, 236px\" \/>\t\t\t\t\t<\/figure>\n\t\t<figure class=\"image image-2\">\n\t\t\t\t\t\t<img loading=\"lazy\" decoding=\"async\" width=\"299\" height=\"390\" src=\"https:\/\/api-k.fr\/wp-content\/uploads\/2025\/03\/honey-2.png\" class=\"attachment-full size-full wp-image-141\" alt=\"\" srcset=\"https:\/\/api-k.fr\/wp-content\/uploads\/2025\/03\/honey-2.png 299w, https:\/\/api-k.fr\/wp-content\/uploads\/2025\/03\/honey-2-230x300.png 230w\" sizes=\"(max-width: 299px) 100vw, 299px\" \/>\t\t\t\t\t<\/figure>\n\t<\/div>\n\t<div class=\"auto-container\">\n\t\t<div class=\"footer-top\">\n\t\t\t<div class=\"row clearfix\">\n\t\t\t\t<div class=\"col-lg-3 col-md-6 col-sm-12 footer-column\">\n\t\t\t\t\t<div class=\"footer-widget links-widget\">\n\t\t\t\t\t\t<div class=\"widget-title\">\n\t\t\t\t\t\t\t<h4 class=\"typo-title-text\">\n\t\t\t\t\t\t\t\tMenu\t\t\t\t\t\t\t<\/h4>\n\t\t\t\t\t\t<\/div>\n\t\t\t\t\t\t<div class=\"widget-content\">\n\t\t\t\t\t\t\t<ul class=\"links-list clearfix\">\n\t\t\t\t\t\t\t\t\t\t\t\t\t\t\t<li><a href=\"\"  target=\"_blank\"  rel=\"nofollow\">Accueil<\/a><\/li>\n\t\t\t\t\t\t\t\t\t\t\t\t\t\t\t\t<li><a href=\"\"  target=\"_blank\"  rel=\"nofollow\">Pr\u00e9sentation<\/a><\/li>\n\t\t\t\t\t\t\t\t\t\t\t\t\t\t\t\t<li><a href=\"\"  target=\"_blank\"  rel=\"nofollow\">Boutique<\/a><\/li>\n\t\t\t\t\t\t\t\t\t\t\t\t\t\t\t\t<li><a href=\"\"  target=\"_blank\"  rel=\"nofollow\">Panier<\/a><\/li>\n\t\t\t\t\t\t\t\t\t\t\t\t\t\t\t\t<li><a href=\"\"  target=\"_blank\"  rel=\"nofollow\">Contact<\/a><\/li>\n\t\t\t\t\t\t\t\t\t\t\t\t\t\t\t<\/ul>\n\t\t\t\t\t\t<\/div>\n\t\t\t\t\t<\/div>\n\t\t\t\t<\/div>\n\t\t\t\t<div class=\"col-lg-3 col-md-6 col-sm-12 footer-column\">\n\t\t\t\t\t<div class=\"footer-widget links-widget\">\n\t\t\t\t\t\t<div class=\"widget-title\">\n\t\t\t\t\t\t\t<h4 class=\"typo-title-text\">\n\t\t\t\t\t\t\t\tAPI-K\t\t\t\t\t\t\t<\/h4>\n\t\t\t\t\t\t<\/div>\n\t\t\t\t\t\t<div class=\"widget-content\">\n\t\t\t\t\t\t\t<ul class=\"links-list clearfix\">\n\t\t\t\t\t\t\t\t\t\t\t\t\t\t\t<li><a href=\"\"  target=\"_blank\"  rel=\"nofollow\">Facebook<\/a><\/li>\n\t\t\t\t\t\t\t\t\t\t\t\t\t\t\t\t<li><a href=\"\"  target=\"_blank\"  rel=\"nofollow\">Instagram<\/a><\/li>\n\t\t\t\t\t\t\t\t\t\t\t\t\t\t\t\t\n\t\t\t\t\t\t\t<\/ul>\n\t\t\t\t\t\t<\/div>\n\t\t\t\t\t<\/div>\n\t\t\t\t<\/div>\n\t\t\t\t<div class=\"col-lg-3 col-md-6 col-sm-12 footer-column\">\n\t\t\t\t\t<div class=\"footer-widget contact-widget\">\n\t\t\t\t\t\t<div class=\"widget-title\">\n\t\t\t\t\t\t\t<h4 class=\"typo-title-text\">\n\t\t\t\t\t\t\t\tContact\t\t\t\t\t\t\t<\/h4>\n\t\t\t\t\t\t<\/div>\n\t\t\t\t\t\t<div class=\"widget-content\">\n\t\t\t\t\t\t\t<h6>90 chemin Arabatoenia\n64210 Arbonne<\/h6>\n\t\t\t\t\t\t\t<ul class=\"social-links clearfix\">\n\t\t\t\t\t\t\tcontact@api-k.fr\t\t\t\t\t\t\t<\/ul>\n\t\t\t\t\t\t\t<div class=\"call-box\"><p><i class=\"fal fa-phone\"><\/i>060231221<\/div>\n\t\t\t\t\t\t<\/div>\n\t\t\t\t\t<\/div>\n\t\t\t\t<\/div>\n\t\t\t\t<div class=\"col-lg-3 col-md-6 col-sm-12 footer-column\">\n\t\t\t\t\t<div class=\"footer-widget post-widget\">\n\t\t\t\t\t\t<div class=\"widget-title\">\n\t\t\t\t\t\t\t<h4 class=\"typo-title-text\">\n\t\t\t\t\t\t\t\t\t\t\t\t\t\t\t<\/h4>\n\t\t\t\t\t\t<\/div>\n\t\t\t\t\t\t\t\t\t\t\t\t\t<div class=\"post-inner\">\n\t\t\t\t\t\t\t\t\t\t\t\t\t\t\t\t\t<div class=\"post\">\n\t\t\t\t\t\t\t\t\t\t\t\t\t\t\t\t\t\t\t<h6><a href=\"https:\/\/api-k.fr\/index.php\/2025\/02\/25\/bonjour-tout-le-monde\/\">Bonjour tout le monde\u00a0!<\/a><\/h6>\n\t\t\t\t\t\t\t\t\t\t<span class=\"post-date\">25 Feb 2025<\/span>\n\t\t\t\t\t\t\t\t\t<\/div>\n\t\t\t\t\t\t\t \n\t\t\t\t\t\t\t\t<\/div>\n\t\t\t\t\t\t\t\t\t\t\t\t<\/div>\n\t\t\t\t<\/div>\n\t\t\t<\/div>\n\t\t<\/div>\n\t\t<div class=\"footer-bottom clearfix\">\n\t\t\t<div class=\"text pull-left\">\n\t\t\t\t2025 All Rights Reserved. API-K\t\t\t<\/div>\n\t\t\t<div class=\"text pull-right\">\n\t\t\t\tDesigned by SOG\t\t\t<\/div>\n\t\t<\/div>\n\t<\/div>\n<\/footer>\n\t\t\t\t\t\t<\/div>\n\t\t\t\t<\/div>\n\t\t\t\t\t<\/div>\n\t\t<\/div>\n\t\t\t\t\t<\/div>\n\t\t<\/section>\n\t\t\t\t<\/div>\n\t\t","protected":false},"excerpt":{"rendered":"<p>QUI SOMMES NOUS API-K Capucine Decr\u00eame, 54 ans aujourd\u2019hui, je porte un projet apicole de production de gel\u00e9e royale (GR) et de transformation de produits de la ruche en cosm\u00e9tique (mac\u00e9rats huileux, baumes, savons) \u00e0 la propolis et cire d\u2019abeille.Apr\u00e8s une courte exp\u00e9rience en laboratoire et une plus longue carri\u00e8re dans l\u2019enseignement, je souhaite aujourd\u2019hui [&hellip;]<\/p>\n","protected":false},"author":2,"featured_media":0,"parent":0,"menu_order":0,"comment_status":"closed","ping_status":"closed","template":"redux-templates_full_width","meta":{"footnotes":""},"class_list":["post-35","page","type-page","status-publish","hentry"],"_links":{"self":[{"href":"https:\/\/api-k.fr\/index.php\/wp-json\/wp\/v2\/pages\/35","targetHints":{"allow":["GET"]}}],"collection":[{"href":"https:\/\/api-k.fr\/index.php\/wp-json\/wp\/v2\/pages"}],"about":[{"href":"https:\/\/api-k.fr\/index.php\/wp-json\/wp\/v2\/types\/page"}],"author":[{"embeddable":true,"href":"https:\/\/api-k.fr\/index.php\/wp-json\/wp\/v2\/users\/2"}],"replies":[{"embeddable":true,"href":"https:\/\/api-k.fr\/index.php\/wp-json\/wp\/v2\/comments?post=35"}],"version-history":[{"count":88,"href":"https:\/\/api-k.fr\/index.php\/wp-json\/wp\/v2\/pages\/35\/revisions"}],"predecessor-version":[{"id":284,"href":"https:\/\/api-k.fr\/index.php\/wp-json\/wp\/v2\/pages\/35\/revisions\/284"}],"wp:attachment":[{"href":"https:\/\/api-k.fr\/index.php\/wp-json\/wp\/v2\/media?parent=35"}],"curies":[{"name":"wp","href":"https:\/\/api.w.org\/{rel}","templated":true}]}}